 -3 = -d + 2*h + 1. What is the units digit of d?
0
Let b be -1*(-1 + 4)/1. Let f(u) = u**2 - u - 4. What is the units digit of f(b)?
8
Let c(m) = 3*m**3 - 1. Let f be c(1). Suppose 2*r = 3*d + 4 + 58, 136 = 5*r + f*d. What is the units digit of r?
8
Suppose k - 684 = -5*k. What is the tens digit of k?
1
Suppose -5*m - 2*x = -198, 86 - 6 = 2*m + x. What is the tens digit of m?
3
Suppose -3 = -0*g + g. Let r = 1 - g. Let t(f) = f**2 - 2*f - 5. What is the units digit of t(r)?
3
Suppose -6 - 14 = -5*l. What is the units digit of l?
4
Let c = 87 - 57. What is the tens digit of c?
3
Let k be 2/(-11) + 93/(-33). Let z(u) = -u. What is the units digit of z(k)?
3
Let i(j) = -2*j + 5. Let w be i(5). Let l = -6 - w. Let s = l + 3. What is the units digit of s?
2
Let x be 3 - (-3)/((-6)/8). Let o be 0/(-6) - (-5 + x). What is the units digit of 18 - (0 - o)/(-3)?
6
Let j(x) = 3*x**3 - 44*x**2 - 14*x - 13. Let p(q) = 15*q**2 - 5*q + 4 + 10*q - 4*q**3 + 3*q**3. Let f(a) = -6*j(a) - 17*p(a). What is the units digit of f(9)?
1
What is the tens digit of (30/(-4))/(2/(-4))?
1
Let h be (-2)/(-9) - 553/(-63). Suppose h = v - 17. What is the tens digit of v?
2
Suppose 4*t = -3*d + 265, 0*d = 2*t - 4*d - 138. What is the tens digit of t?
6
Suppose -336 - 780 = -6*f. What is the tens digit of f?
8
Let k(u) = u + 3. Let a be k(-5). Let n be (1 + -1)/(10 - 11) + 0. What is the tens digit of 2*(n - 17/a)?
1
Let t = 2 + 0. Suppose -t*q + 0 = -4. Suppose s = q*s - 1, 3*b - 28 = -s. What is the units digit of b?
9
Suppose 0 = -3*o + 5*o - 4. Suppose -34 = x - o*x. What is the units digit of x?
4
Suppose -1 = 2*f - 15. Suppose -5*t = -f - 8. Let l = 5 - t. What is the units digit of l?
2
Let y = 104 - 68. Suppose 0*k = i + 2*k + 1, i + 3*k = -3. Suppose -m - i*m = -y. What is the units digit of m?
9
Let t = -54 + 67. What is the tens digit of t?
1
Let v(w) = 3*w**2 + 2*w - 3. Let q be v(-4). Suppose 2 = 3*t - q. What is the tens digit of t?
1
What is the units digit of (17 + 0)/(4 - 3)?
7
Suppose -x = -2*x + 61. What is the units digit of x?
1
What is the units digit of ((-11)/44)/((-2)/8)*81?
1
Let u(x) = -5*x**2 - 2*x - 8. Let b(g) = -4*g**2 - 3*g - 8. Let p(r) = -6*b(r) + 5*u(r). What is the tens digit of p(6)?
2
Suppose k = r + 27, 4*k - 4*r + 2*r - 116 = 0. What is the tens digit of k?
3
Let q = 0 + 3. Suppose p - 2 = -2*x, -q*p = -4*p + 2*x - 2. Suppose -3*h + 5*s + 47 = p, -s = 2 + 2. What is the units digit of h?
9
Let b(d) = d**3 - 9*d**2 - 4*d - 10. What is the units digit of b(10)?
0
Let o = -10 + 20. What is the units digit of (-6)/o + 316/10?
1
Let w be -2 - 14*1/(-2). Let o be (5 - 7)/((-2)/w). Suppose 2*b - 9 = 3*k, -5*b + 11 + 9 = -o*k. What is the units digit of b?
3
Suppose 53 = 3*o - 16. What is the units digit of o?
3
Suppose -5*c + 4*p - 3 + 7 = 0, c = -p + 8. Suppose -c*i + 36 = -i. What is the tens digit of i?
1
Let l(k) = -k - 7. Let i be l(-9). Suppose i*z - 6 = 3*z. What is the units digit of (4/z)/((-1)/15)?
0
Let d(x) be the first derivative of 11*x**4/4 - x**3/3 + x + 1. Let o(i) = i**2 + 13*i - 13. Let b be o(-14). What is the units digit of d(b)?
1
Let i be ((-10)/3 + 3)*-30. Suppose -3*n = 4*l + 3 + 19, -3*l = -n + i. What is the units digit of (-21)/(-3)*(-2)/n?
7
Let i(o) = -3*o + 21. What is the units digit of i(0)?
1
Let t(m) = m**3 + 4*m**2 - 3*m - 2. Let o be 2/4*40/(-5). What is the units digit of t(o)?
0
Let f(c) = 8*c + 2. Let w(j) = j. Let l(o) = f(o) - 3*w(o). Let d(t) = -t**3 + 7*t**2 + 9*t - 6. Let i be d(8). What is the tens digit of l(i)?
1
Let p(c) = 3*c**2 + c - 1. Let o be p(1). What is the units digit of (-3 - -2) + 0 + o?
2
Suppose -355 = -20*f + 15*f. What is the units digit of f?
1
Suppose 19*k - 22*k = -231. What is the units digit of k?
7
Suppose -x + 2 = 0, 2 = w - 3*w + x. Suppose w = l - 4*a + 8, -3*l + a = 2. Suppose 0 = -s - l + 9. What is the units digit of s?
9
Let u(j) be the first derivative of 2*j**2 + 1/3*j**3 - 3 - 10*j. What is the tens digit of u(-7)?
1
Let f = -10 + 21. What is the tens digit of f?
1
Let p(n) = -n**3 + 3*n**2 + 4*n - 1. What is the units digit of p(-4)?
5
Let f be (2 - 2) + (2 - 2). Suppose z - 3*t + 4 = f, -4*t = -5*z - 6*t + 48. What is the units digit of z?
8
Let w = 20 - -22. What is the units digit of w?
2
Let d = 202 + -116. What is the tens digit of d?
8
Let o be (8/10)/(2/5). What is the units digit of (-130)/(-8) - o/8?
6
Suppose 43*d - 392 = 39*d. What is the units digit of d?
8
Suppose -r = -8 - 7. Let s = 0 - r. Let m = s - -23. What is the units digit of m?
8
Let y be (-2)/(-9) + 94/(-18). Let a(z) be the second derivative of -z**5/20 - z**4/3 + z**3/2 - 10*z. What is the units digit of a(y)?
0
Let v(a) = a**2 + a. Let k be v(1). Let t(p) = 2*p**2 - 5*p + 3. Let g be t(3). Suppose o - g = -k*o. What is the units digit of o?
2
Suppose -7*i + 1368 = 563. What is the units digit of i?
5
Let h = 37 - -24. What is the units digit of h?
1
Suppose -2*f = -5 - 1. Suppose -2*n + 3*n - f = 0. What is the units digit of n?
3
Let g = -7 - -7. Let b = 2 + g. Suppose 0 = -i - b, 4*q - 3*q = 3*i + 19. What is the units digit of q?
3
Suppose 2*v - 2*g - 28 = 0, 2*g = 3*v - 2*g - 44. Suppose -v = -5*b + b. Suppose 2*t + b*t = 50. What is the units digit of t?
0
Suppose -2*s - 6 = s. Let x = 8 + s. Suppose -x = -3*y + y. What is the units digit of y?
3
Let m(f) be the first derivative of -f**5/60 - 5*f**4/24 - f**3/6 - f**2 + 2. Let a(b) be the second derivative of m(b). What is the units digit of a(-4)?
3
Let h(y) = 4*y**2 - 6*y - 1. Let x(z) = -3*z**2 + 6*z. Let l(d) = 2*h(d) + 3*x(d). Let q be l(5). Let s = q - -7. What is the tens digit of s?
1
Let c = -23 - -203. What is the tens digit of c?
8
Suppose 3*k = 24 + 21. What is the units digit of (-276)/k*(-10)/4?
6
Suppose -n - 3*n = -24. Suppose 5*z - 3*u - 84 = -n*u, 4*z + 4*u - 64 = 0. Suppose x - 3 = 2*h - z, -3*h + 2*x = -20. What is the units digit of h?
0
Suppose -903 = 6*a - 13*a. What is the hundreds digit of a?
1
Let x(g) = -3*g**3 - 5*g**2 + 3*g + 5. Let l be x(-4). Let p = l + -66. What is the tens digit of p?
3
Let d(b) = -b**2 + 3*b**2 - 2*b + b + 2*b. Let u be d(-2). What is the units digit of u/4*56/6?
4
What is the units digit of 5/(-10) + 1062/4?
5
Let q(i) = -i + 7. Let w be q(5). What is the units digit of (-6)/(5/((-5)/w))?
3
Let c(h) = h**3 + 4*h - h**2 + 0*h + 6 + 0*h**2 + 6*h**2. What is the units digit of c(-4)?
6
Suppose -5*a + 4*r = -116, -3*a + 7*r + 80 = 2*r. What is the units digit of a?
0
Let f(t) = -46*t**3 + 6*t**2 - 1. Let y(x) = x**3 - x**2. Let j(o) = -f(o) - 6*y(o). What is the tens digit of j(1)?
4
Suppose -5*o + 6 = 2*j - 2*o, o + 15 = 5*j. Suppose 1 = -3*b + 5*v, 2 = 2*b + j*v + 9. What is the units digit of (-1)/(2/4*b)?
1
Let p(i) = 25*i - 2. Let f be p(1). Suppose -s = -4*s + 15. Suppose m - 6 = -2*q, 3*q - f = -0*q - s*m. What is the units digit of q?
1
Suppose 0 = -5*p - 3*q + 39, 5*p - 43 = 5*q + 12. Let c = -4 + p. What is the units digit of c?
5
Suppose 4*r = 2*m - 4*m + 638, -2*r + 315 = 5*m. What is the units digit of r?
0
Suppose -p - 3*y = -71, -5*p = 4*y - 131 - 202. What is the tens digit of p?
6
Suppose -2*d = -5*o + 6, -4*o = 2*d - 2*o - 8. Suppose 0 = 4*i - d*i. Suppose s - 2 = -i*s. What is the units digit of s?
2
Suppose 3*f - 3*p - 129 = 0, -2*f = -3*p - 108 + 22. What is the tens digit of f?
4
Let y(w) = -w**2 + 13*w + 5. Let a be y(10). Let z be (4/(-10))/((-7)/a). Suppose 0*q + 33 = 3*i - z*q, -4*i + 49 = -q. What is the units digit of i?
3
Let d be (-1 - 1) + (-6 - -2). Let k(o) = o**2 + 4*o - 7. What is the units digit of k(d)?
5
Let u be (-796)/(-22) - 20/110. Let b = -22 + u. What is the units digit of b?
4
What is the tens digit of (952/(-12) - -4)*(-6)/4?
1
Let o = 8 + -6. What is the units digit of 14 - 1/(-2)*o?
5
Let t be (14/6 + 2)*3. Let a(d) = d**2 + 5*d - 1. Let k be a(-4). Let q = t + k. What is the units digit of q?
8
Let l = -29 + 17. Let r be (-2)/3 + (-920)/l. Suppose 5*c - w - r = 0, 4*c - 52 = -0*c + 3*w. What is the tens digit of c?
1
What is the units digit of (63/(-2))/((-6)/16)?
4
Let k(s) = -s**2 + 1. Let j(p) = -5*p**2 - 8*p - 9. Let b(r) = -j(r) + 4*k(r). Suppose -4*f + 5*w = 46, 5*f = 2*w + 18 - 67. What is the units digit of b(f)?
2
Suppose 3